 and l.
4
Let n(q) = 597*q - 590. Let u be n(12). Calculate the highest common factor of u and 38.
38
Let k = 637 - 1386. Let z = k - -758. Calculate the highest common divisor of 4 and z.
1
Let f(v) = -3*v + 3. Let h be f(0). Suppose -31*a + 26*a = 5*d - 200, 0 = 3*d + 2*a - 119. Calculate the highest common divisor of d and h.
3
Let p(c) be the second derivative of -c**4/12 + 8*c**3/3 + 5*c**2/2 + 102*c. Let s be p(16). Calculate the highest common divisor of 75 and s.
5
Let y(n) = 2*n + 3. Let v be y(3). Let d = 195 - 190. Let j be (-2)/d - (-724)/10. Calculate the highest common divisor of v and j.
9
Suppose -4*q - 17*w + 12*w - 859 = 0, -5*w - 1070 = 5*q. Let j = q - -232. Suppose 540 = 2*v - 6. Calculate the highest common factor of v and j.
21
Let q(h) = -h**3 + 48*h**2 + 56*h + 119. Let s be q(49). What is the highest common divisor of 42 and s?
42
Suppose 1976*p + 3564 = 2057*p. Suppose o - 1 - 2 = -t, -t - 5*o = -3. Suppose -146 = t*m - 674. What is the highest common factor of p and m?
44
Let n = 2393 - 2337. Calculate the highest common factor of n and 632.
8
Let b = -540 - -646. Suppose 10*n - 74 = b. What is the greatest common divisor of 15 and n?
3
Suppose 0 = 5*h - 11 - 239. Suppose -3*c + 0*c = 5*a - h, 4*a - c - 57 = 0. Let x = 279 - 162. Calculate the greatest common factor of x and a.
13
Let v be (-2)/(-5) - 76/(-10). Let s = v - 6. Let b(a) = -85*a - 658. Let l be b(-8). Calculate the greatest common divisor of l and s.
2
Let j be 0 + (-8)/(-6) + (-16)/(-6). Suppose -j*c - 3*k + 34 = -103, 143 = 4*c - 3*k. What is the greatest common divisor of c and 21?
7
Let h be 19 - (-1)/(0 + -1). Let x = -4607 + 5093. What is the greatest common factor of x and h?
18
Let g be 2/4 + 7/2. Suppose 0 = -4*d + 12*d - 56. Let y be -9 + (7 - (d - 11)). What is the greatest common factor of g and y?
2
Let c = 215 + -196. Suppose c*j + 21*j = 2120. Calculate the greatest common factor of 1 and j.
1
Let z be 480/36*(-12)/(-10). Suppose 15 = -z*p + 47. Suppose -4*v - 5 - 57 = -3*j, -2*v = 4*j - 90. Calculate the highest common factor of j and p.
2
Suppose -4*h = -3*h - 329. Suppose 20*b + 6*b - 188 - 176 = 0. What is the greatest common divisor of b and h?
7
Let r(b) = 44 + 12*b + 15 - 6*b - 5*b. Suppose -4*c = 5*i + 65, 5*i + 0*i - c = -90. Let f be r(i). What is the highest common divisor of f and 28?
14
Let j(d) = -54*d**2 + d + 17. Let f be j(3). Let l = 492 + f. What is the highest common divisor of 650 and l?
26
Suppose -19*l - 69*l - 983 = -9431. Calculate the highest common factor of 912 and l.
48
Let y be -46*((-4740)/232 + (-12)/174). What is the highest common factor of y and 575?
23
Let k(p) = p**3 + 2*p**2 + 10*p + 22. Let d be k(8). Let j(s) = 14*s. Let v be j(2). Calculate the highest common divisor of d and v.
14
Suppose 27*c - 22*c + 5*d - 1015 = 0, 2*c - 397 = d. What is the highest common divisor of 1025 and c?
25
Let a be (374/(-55) + 5)/(3/(-35)). Suppose 173 = a*z - 163. Let g = -44 - -124. What is the highest common divisor of z and g?
16
Let a(d) = -d**2 + 28*d + 385. Let i be a(29). What is the highest common factor of i and 8?
4
Let d be (-4)/6*(-3 - 0). Let r be (-4)/(-20) + 545/25. Suppose -4*p = -d*h + 20, 6*h - 9*h + 4*p + r = 0. Calculate the greatest common factor of 2 and h.
2
Let g be 4/(-8)*(-13)/(52/40). Suppose 6*c - 245 = -g. Calculate the greatest common factor of 380 and c.
20
Suppose -3956 = -4*u + 2*m, u + m - 988 = 2*m. Suppose 2*q = 61*a - 56*a - 116, 2*a + q = 41. Calculate the highest common factor of u and a.
22
Suppose -13*q + 12*q + 168 = 0. Let u(v) = -16 + 224*v - 226*v - 1. Let j be u(-19). Calculate the highest common factor of j and q.
21
Suppose 5*y - 5 = 15. Let n(r) = -r**2 + 9*r - 3. Let w be n(y). Let u(h) = 14*h + 90. Let s be u(-4). What is the highest common factor of w and s?
17
Let x be 5/1 + (-20)/(-3 + -1). Suppose -3*o + 458 + x = 0. Calculate the highest common factor of 24 and o.
12
Suppose 0 = -3*j, -9*n + 6*n - 5*j + 426 = 0. Suppose 5*s - 3*b - 272 = 0, 5*s + n = -b + 418. What is the highest common divisor of 187 and s?
11
Suppose 0*y = -3*y + 12, -136 = -2*f + y. Suppose 0 = 15*q - 18*q + 84. What is the greatest common factor of f and q?
14
Let x = -2100 + 2166. Calculate the greatest common factor of 17754 and x.
66
Let y(s) = 2*s + 17. Let l be y(-11). Let p be l/25 - ((-1926)/(-10))/(-3). Let k = -50 + p. Calculate the highest common divisor of 210 and k.
14
Suppose 2*k - 3*k + 3914 = 3*b, 4*k = 5*b - 6529. Suppose 0 = 51*x - 6*x - b. What is the greatest common factor of 87 and x?
29
Suppose -4*i - 4*o + 60 = 0, -12 = -5*o - 37. Suppose 16*g - i = 11*g. What is the highest common divisor of 4 and g?
4
Let a = 1310 - 1305. What is the highest common factor of a and 185?
5
Let g(m) = 2*m + 15. Let x = -27 - -19. Let u be g(x). Let k be u - -4 - (6 - 124). What is the greatest common factor of k and 11?
11
Suppose 923 = 8*s - 31*s + 1176. Let y(v) = 33*v. Let u be 2/1*(-4)/(-8). Let g be y(u). What is the greatest common divisor of s and g?
11
Suppose 7*j = -53 - 101. Let w be (-50)/(-275) - 986/j. What is the greatest common factor of w and 36?
9
Let k = -725 + 726. Suppose -k = 8*s - 33. Calculate the highest common divisor of s and 128.
4
Let w = 72 - 67. Suppose w*m = 148 - 18. Let i be (-14)/21 + m/3. What is the highest common divisor of 40 and i?
8
Suppose h + 474 = 2*a, -3*h - 862 = -5*a + 326. Calculate the greatest common factor of 14 and a.
2
Suppose 4*q + 330 = -q + 2*r, 5*q = -r - 330. Let c be q/165 + 484/10. Calculate the highest common divisor of 16 and c.
16
Let q = 12 + -17. Let h be q/15 - (-136)/3. Suppose -764 + 674 = -18*n. What is the greatest common divisor of n and h?
5
Let b(q) = q**3 - 12*q**2 + 10*q + 15. Let t be b(11). Suppose -t*x = -2*x + 96. Let j = x - -87. What is the highest common factor of 26 and j?
13
Let j(r) = 3*r**2 - 31*r + 478. Let t be j(16). Calculate the highest common factor of t and 525.
75
Let u(h) = 18*h**2 - 108*h + 6. Let b be u(6). Calculate the greatest common divisor of b and 48.
6
Let i(j) = -j**3 - 40*j**2 - 53*j - 3808. Let x be i(-41). Calculate the highest common divisor of 38042 and x.
46
Let l be 21 + 1/(-2)*0. Let c(u) = -10*u - 81. Let b be c(-30). Let d = b + -198. Calculate the greatest common factor of l and d.
21
Suppose -2*v - 2*x - 2*x = -32, 4*v + 5*x - 64 = 0. Suppose 0 = -2*t + 4*p + 69 - 29, 2*t + 2*p - 76 = 0. What is the highest common divisor of v and t?
16
Let w(u) = 49*u + 361. Let p be w(-7). Let i be (1 + (-4)/((-8)/(-5)))*-228. Calculate the greatest common factor of p and i.
18
Suppose -3*f - 2*f = -145. Let x = -177628 - -177889. Calculate the highest common factor of x and f.
29
Let w = 10 + -7. Suppose -225*a + 227*a = 10. Suppose -4*d = -a*y + 116, 0 = -0*y - 2*y + w*d + 52. Calculate the highest common factor of y and 220.
20
Let u = 147 - 297. Let p = -93 - u. Calculate the greatest common divisor of p and 38.
19
Let p be 14/3*3 - 1. Suppose 4*c - 2*k - 472 = 0, -42*k + 45*k = c - 123. Calculate the highest common divisor of p and c.
13
Suppose 2*c = -3*c + 210. Suppose 14*s + 72798 = 80*s. Let h = s + -1047. Calculate the highest common factor of c and h.
14
Let f(w) = 30*w**3 + w**2 - 4*w - 5. Let d be f(-1). Let k be 30/(-20) + d/(-4). What is the greatest common divisor of 18 and k?
6
Let n = 3547 - 3484. What is the greatest common divisor of n and 117?
9
Let x(a) = -1595*a - 2429. Let r be x(-5). Calculate the greatest common divisor of r and 47.
47
Suppose 243*r + 17*r - 576007 = 631433. What is the greatest common divisor of 648 and r?
108
Let m be 108/(-3)*(-2)/3. Let u be -58*48/(-544) + 10/(-85) - -4. What is the greatest common divisor of u and m?
3
Let z(b) = 21*b**2 - 6*b + 8. Let q(f) = 25*f + 27. Let t be q(-1). Let w be z(t). What is the highest common factor of w and 240?
80
Suppose -9*s - 4*s = -104. Let u be (10/s)/(-5) + (-1682)/(-8). What is the highest common divisor of u and 30?
30
Suppose -17 = -f - 5*c, -c = -8*f + 6*f + 111. Calculate the highest common divisor of f and 2613.
13
Suppose -4*z + 20*a - 16*a = -296, 0 = 4*z + a - 276. What is the greatest common factor of z and 10885?
35
Let x(b) = b**2 - 2*b. Let m(c) = -4*c**2 + 28*c - 37. Let l(n) = 